{"id":4750,"date":"2020-07-14T07:39:50","date_gmt":"2020-07-14T12:39:50","guid":{"rendered":"https:\/\/7oroof.com\/tfdemos\/eteon\/contact-us-copy\/"},"modified":"2025-12-09T16:02:44","modified_gmt":"2025-12-09T21:02:44","slug":"contactenos","status":"publish","type":"page","link":"https:\/\/curaduria2rionegro.com\/home\/contactenos\/","title":{"rendered":"Cont\u00e1ctenos"},"content":{"rendered":"\t\t<div data-elementor-type=\"wp-page\" data-elementor-id=\"4750\" class=\"elementor elementor-4750\">\n\t\t\t\t\t\t\t        <section class=\"elementor-section elementor-top-section elementor-element elementor-element-51ecde0 elementor-section-boxed elementor-section-height-default elementor-section-height-default\" data-id=\"51ecde0\" data-element_type=\"section\">\n            \n                        <div class=\"elementor-container elementor-column-gap-default \">\n                    <div class=\"elementor-column elementor-col-100 elementor-top-column elementor-element elementor-element-767b1fe\" data-id=\"767b1fe\" data-element_type=\"column\">\n            <div class=\"elementor-widget-wrap elementor-element-populated\">\n                        \t\t<div class=\"elementor-element elementor-element-b2879b6 elementor-widget elementor-widget-heading\" data-id=\"b2879b6\" data-element_type=\"widget\" data-widget_type=\"heading.default\">\n\t\t\t\t<div class=\"elementor-widget-container\">\n\t\t\t<style>\/*! elementor - v3.7.8 - 02-10-2022 *\/\n.elementor-heading-title{padding:0;margin:0;line-height:1}.elementor-widget-heading .elementor-heading-title[class*=elementor-size-]>a{color:inherit;font-size:inherit;line-height:inherit}.elementor-widget-heading .elementor-heading-title.elementor-size-small{font-size:15px}.elementor-widget-heading .elementor-heading-title.elementor-size-medium{font-size:19px}.elementor-widget-heading .elementor-heading-title.elementor-size-large{font-size:29px}.elementor-widget-heading .elementor-heading-title.elementor-size-xl{font-size:39px}.elementor-widget-heading .elementor-heading-title.elementor-size-xxl{font-size:59px}<\/style><h2 class=\"elementor-heading-title elementor-size-default\">CONT\u00c1CTENOS<\/h2>\t\t<\/div>\n\t\t\t\t<\/div>\n\t\t            <\/div>\n        <\/div>\n                            <\/div>\n        <\/section>\n                <div class=\"elementor-section elementor-top-section elementor-element elementor-element-32d06f6 elementor-section-stretched elementor-section-boxed elementor-section-height-default elementor-section-height-default\" data-id=\"32d06f6\" data-element_type=\"section\" data-settings=\"{&quot;stretch_section&quot;:&quot;section-stretched&quot;}\">\n            \n                        <div class=\"elementor-container elementor-column-gap-extended \">\n                    <div class=\"elementor-column elementor-col-100 elementor-top-column elementor-element elementor-element-57222e4\" data-id=\"57222e4\" data-element_type=\"column\">\n            <div class=\"elementor-widget-wrap elementor-element-populated\">\n                        \t\t<div class=\"elementor-element elementor-element-872d4bc elementor-widget elementor-widget-cms_ctf7\" data-id=\"872d4bc\" data-element_type=\"widget\" data-widget_type=\"cms_ctf7.default\">\n\t\t\t\t<div class=\"elementor-widget-container\">\n\t\t\t    <div id=\"cms_ctf7-872d4bc\" class=\"cms-contact-form-layout2 style1\">\r\n        <div class=\"cms-contact-form-inner wow fadeInUp\">\r\n            <div class=\"row\">\r\n                <div class=\"col-xl-8 col-lg-8 col-md-6 col-xs-12 col-box-contact col-form\">\r\n                    <div class=\"col-inner-box\">\r\n                                                    <div class=\"cms-contact-form-meta\">\r\n                                                                    <h3 class=\"entry-title\">Cont\u00e1ctanos<\/h3>\r\n                                                                                                    <p class=\"entry-excerpt\">El control total sobre nuestros servicios nos permite asegurar que nuestros clientes reciban la mejor asesor\u00eda y  calidad. Estamos muy orgullosos de todo lo que hacemos en la Curadur\u00eda 2 de Rionegro.<\/p>\r\n                                                            <\/div>\r\n                                                \n<div class=\"wpcf7 no-js\" id=\"wpcf7-f5984-o1\" lang=\"en-US\" dir=\"ltr\">\n<div class=\"screen-reader-response\"><p role=\"status\" aria-live=\"polite\" aria-atomic=\"true\"><\/p> <ul><\/ul><\/div>\n<form action=\"\/home\/wp-json\/wp\/v2\/pages\/4750#wpcf7-f5984-o1\" method=\"post\" class=\"wpcf7-form init\" aria-label=\"Contact form\" enctype=\"multipart\/form-data\" novalidate=\"novalidate\" data-status=\"init\">\n<div style=\"display: none;\">\n<input type=\"hidden\" name=\"_wpcf7\" value=\"5984\" \/>\n<input type=\"hidden\" name=\"_wpcf7_version\" value=\"5.8.5\" \/>\n<input type=\"hidden\" name=\"_wpcf7_locale\" value=\"en_US\" \/>\n<input type=\"hidden\" name=\"_wpcf7_unit_tag\" value=\"wpcf7-f5984-o1\" \/>\n<input type=\"hidden\" name=\"_wpcf7_container_post\" value=\"0\" \/>\n<input type=\"hidden\" name=\"_wpcf7_posted_data_hash\" value=\"\" \/>\n<\/div>\n<div class=\"row\">\n\t<div class=\"col-xs-12 col-sm-12 col-md-6 col-lg-6\">\n\t\t<div class=\"input-filled\">\n\t\t\t<p><span class=\"wpcf7-form-control-wrap\" data-name=\"your-name\"><input size=\"40\" class=\"wpcf7-form-control wpcf7-text wpcf7-validates-as-required\" aria-required=\"true\" aria-invalid=\"false\" placeholder=\"*Nombre Completo (requerido)\" value=\"\" type=\"text\" name=\"your-name\" \/><\/span>\n\t\t\t<\/p>\n\t\t<\/div>\n\t<\/div>\n\t<div class=\"col-xs-12 col-sm-12 col-md-6 col-lg-6\">\n\t\t<div class=\"input-filled\">\n\t\t\t<p><span class=\"wpcf7-form-control-wrap\" data-name=\"your-documento\"><input size=\"40\" class=\"wpcf7-form-control wpcf7-text wpcf7-validates-as-required\" aria-required=\"true\" aria-invalid=\"false\" placeholder=\"*Tipo Documento (requerido)\" value=\"\" type=\"text\" name=\"your-documento\" \/><\/span>\n\t\t\t<\/p>\n\t\t<\/div>\n\t<\/div>\n<\/div>\n<div class=\"row\">\n\t<div class=\"col-xs-12 col-sm-12 col-md-6 col-lg-6\">\n\t\t<div class=\"input-filled\">\n\t\t\t<p><span class=\"wpcf7-form-control-wrap\" data-name=\"your-identificacion\"><input size=\"40\" class=\"wpcf7-form-control wpcf7-text wpcf7-validates-as-required\" aria-required=\"true\" aria-invalid=\"false\" placeholder=\"*N\u00famero de identificaci\u00f3n (requerido)\" value=\"\" type=\"text\" name=\"your-identificacion\" \/><\/span>\n\t\t\t<\/p>\n\t\t<\/div>\n\t<\/div>\n\t<div class=\"col-xs-12 col-sm-12 col-md-6 col-lg-6\">\n\t\t<div class=\"input-filled\">\n\t\t\t<p><span class=\"wpcf7-form-control-wrap\" data-name=\"your-email\"><input size=\"40\" class=\"wpcf7-form-control wpcf7-email wpcf7-validates-as-required wpcf7-text wpcf7-validates-as-email\" aria-required=\"true\" aria-invalid=\"false\" placeholder=\"*Email (requerido)\" value=\"\" type=\"email\" name=\"your-email\" \/><\/span>\n\t\t\t<\/p>\n\t\t<\/div>\n\t<\/div>\n<\/div>\n<div class=\"row\">\n\t<div class=\"col-xs-12 col-sm-12 col-md-6 col-lg-6\">\n\t\t<div class=\"input-filled\">\n\t\t\t<p><span class=\"wpcf7-form-control-wrap\" data-name=\"your-phone\"><input size=\"40\" class=\"wpcf7-form-control wpcf7-text wpcf7-validates-as-required\" aria-required=\"true\" aria-invalid=\"false\" placeholder=\"*Tel\u00e9fono Celular (requerido)\" value=\"\" type=\"text\" name=\"your-phone\" \/><\/span>\n\t\t\t<\/p>\n\t\t<\/div>\n\t<\/div>\n\t<div class=\"col-xs-12 col-sm-12 col-md-6 col-lg-6\">\n\t\t<div class=\"input-filled\">\n\t\t\t<p><span class=\"wpcf7-form-control-wrap\" data-name=\"your-solicitud\"><input size=\"40\" class=\"wpcf7-form-control wpcf7-text wpcf7-validates-as-required\" aria-required=\"true\" aria-invalid=\"false\" placeholder=\"*Tipo de Solicitud (requerido)\" value=\"\" type=\"text\" name=\"your-solicitud\" \/><\/span>\n\t\t\t<\/p>\n\t\t<\/div>\n\t<\/div>\n<\/div>\n<div>\n\t<p><span class=\"wpcf7-form-control-wrap\" data-name=\"your-message\"><textarea cols=\"40\" rows=\"10\" class=\"wpcf7-form-control wpcf7-textarea\" aria-invalid=\"false\" placeholder=\"Su mensaje\" name=\"your-message\"><\/textarea><\/span>\n\t<\/p>\n<\/div>\n<div class=\"row\">\n\t<div class=\"col-xs-12 col-sm-12 col-md-6 col-lg-6\">\n\t\t<div class=\"input-filled\">\n\t\t\t<p><span class=\"wpcf7-form-control-wrap\" data-name=\"Adjunto1\"><input size=\"40\" class=\"wpcf7-form-control wpcf7-file bar\" id=\"foo\" accept=\".pdf,.word,.jpg\" aria-invalid=\"false\" type=\"file\" name=\"Adjunto1\" \/><\/span>\n\t\t\t<\/p>\n\t\t<\/div>\n\t<\/div>\n\t<div class=\"col-xs-12 col-sm-12 col-md-6 col-lg-6\">\n\t\t<div class=\"input-filled\">\n\t\t\t<p><span class=\"wpcf7-form-control-wrap\" data-name=\"Adjunto2\"><input size=\"40\" class=\"wpcf7-form-control wpcf7-file bar\" accept=\".pdf,.word,.jpg\" aria-invalid=\"false\" type=\"file\" name=\"Adjunto2\" \/><\/span>\n\t\t\t<\/p>\n\t\t<\/div>\n\t<\/div>\n<\/div>\n<div>\n\t<p><span class=\"wpcf7-form-control-wrap\" data-name=\"checkbox-573\"><span class=\"wpcf7-form-control wpcf7-checkbox wpcf7-validates-as-required\"><span class=\"wpcf7-list-item first last\"><label><input type=\"checkbox\" name=\"checkbox-573[]\" value=\"*Autorizo a la Curadur\u00eda Urbana Segunda de Rionegro a usar mis datos, para el tratamiento de mis datos\" \/><span class=\"wpcf7-list-item-label\">*Autorizo a la Curadur\u00eda Urbana Segunda de Rionegro a usar mis datos, para el tratamiento de mis datos<\/span><\/label><\/span><\/span><\/span>\n\t<\/p>\n<\/div>\n<div class=\"col-12\">\n\t<p><input class=\"wpcf7-form-control wpcf7-submit has-spinner btn\" type=\"submit\" value=\"Enviar\" \/>\n\t<\/p>\n<\/div>\n<div class=\"wpcf7-response-output\" aria-hidden=\"true\"><\/div>\n<\/form>\n<\/div>\n                    <\/div>\r\n                <\/div>\r\n                                    <div class=\"col-xl-4 col-lg-4 col-md-6 col-xs-12 col-box-contact col-info\">\r\n                        <div class=\"col-inner-box\">\r\n                                                                                                <h3 class=\"entry-title\">\r\n                                        Informaci\u00f3n de Contacto    \r\n                                    <\/h3>\r\n                                                                                        <ul class=\"list-li\">\r\n                                                                    <li>\r\n                                        <label>Nuestra Ubicaci\u00f3n<\/label>\r\n                                        <span>Carrera 49 #50-40 Local 302<\/span>\r\n                                        <span>C.C. San Francisco, Rionegro - Antioquia<\/span>\r\n                                   <\/li>\r\n                                                                    <li>\r\n                                        <label>Contacto<\/label>\r\n                                        <span>Email: atencionusuarios@curaduria2rionegro.com<\/span>\r\n                                        <span>Tels: (57) 304 560 05 56 - 604 322 17 46<\/span>\r\n                                   <\/li>\r\n                                                                    <li>\r\n                                        <label>Horario de Atenci\u00f3n<\/label>\r\n                                        <span>Lunes a Jueves<\/span>\r\n                                        <span>8am - 12m  y  1pm - 5pm<\/span>\r\n                                   <\/li>\r\n                                                                    <li>\r\n                                        <label><\/label>\r\n                                        <span>Viernes<\/span>\r\n                                        <span>7:30am - 12m y 1pm - 4:30pm<\/span>\r\n                                   <\/li>\r\n                                                            <\/ul>\r\n                                                            <div class=\"item--button\">\r\n                                    <a class=\"btn btn-secondary\" href=\"https:\/\/web.whatsapp.com\/send\/?phone=+573045600556&amp;text=Hola,\" target=\"_blank\" rel=\"nofollow\">Cont\u00e1ctanos<\/a>\r\n                                <\/div>\r\n                                                    <\/div>\r\n                    <\/div>\r\n                            <\/div>\r\n        <\/div>\r\n    <\/div>\r\n\t\t<\/div>\n\t\t\t\t<\/div>\n\t\t\t\t<div class=\"elementor-element elementor-element-1cdab79 elementor-widget elementor-widget-google_maps\" data-id=\"1cdab79\" data-element_type=\"widget\" data-widget_type=\"google_maps.default\">\n\t\t\t\t<div class=\"elementor-widget-container\">\n\t\t\t<style>\/*! elementor - v3.7.8 - 02-10-2022 *\/\n.elementor-widget-google_maps .elementor-widget-container{overflow:hidden}.elementor-widget-google_maps iframe{height:300px}<\/style>\t\t<div class=\"elementor-custom-embed\">\n\t\t\t<iframe frameborder=\"0\" scrolling=\"no\" marginheight=\"0\" marginwidth=\"0\"\n\t\t\t\t\tsrc=\"https:\/\/maps.google.com\/maps?q=%20%20Curadur%C3%ADa%20Urbana%20Segunda%20de%20Rionegro%2C%20Cra.%2049%20%2350-40%20Local%20302%2C%20Rionegro%2C%20Antioquia&#038;t=m&#038;z=18&#038;output=embed&#038;iwloc=near\"\n\t\t\t\t\ttitle=\"  Curadur\u00eda Urbana Segunda de Rionegro, Cra. 49 #50-40 Local 302, Rionegro, Antioquia\"\n\t\t\t\t\taria-label=\"  Curadur\u00eda Urbana Segunda de Rionegro, Cra. 49 #50-40 Local 302, Rionegro, Antioquia\"\n\t\t\t><\/iframe>\n\t\t<\/div>\n\t\t\t\t<\/div>\n\t\t\t\t<\/div>\n\t\t            <\/div>\n        <\/div>\n                            <\/div>\n        <\/div>\n        \t\t\t\t\t<\/div>\n\t\t","protected":false},"excerpt":{"rendered":"<p>CONT\u00c1CTENOS Cont\u00e1ctanos El control total sobre nuestros servicios nos permite asegurar que nuestros clientes reciban la mejor asesor\u00eda y calidad. Estamos muy orgullosos de todo lo que hacemos en la Curadur\u00eda 2 de Rionegro. *Autorizo a la Curadur\u00eda Urbana Segunda de Rionegro a usar mis datos, para el tratamiento de mis datos Informaci\u00f3n de Contacto [&hellip;]<\/p>\n","protected":false},"author":1,"featured_media":0,"parent":0,"menu_order":0,"comment_status":"closed","ping_status":"closed","template":"","meta":{"footnotes":""},"class_list":["post-4750","page","type-page","status-publish","hentry"],"_links":{"self":[{"href":"https:\/\/curaduria2rionegro.com\/home\/wp-json\/wp\/v2\/pages\/4750","targetHints":{"allow":["GET"]}}],"collection":[{"href":"https:\/\/curaduria2rionegro.com\/home\/wp-json\/wp\/v2\/pages"}],"about":[{"href":"https:\/\/curaduria2rionegro.com\/home\/wp-json\/wp\/v2\/types\/page"}],"author":[{"embeddable":true,"href":"https:\/\/curaduria2rionegro.com\/home\/wp-json\/wp\/v2\/users\/1"}],"replies":[{"embeddable":true,"href":"https:\/\/curaduria2rionegro.com\/home\/wp-json\/wp\/v2\/comments?post=4750"}],"version-history":[{"count":17,"href":"https:\/\/curaduria2rionegro.com\/home\/wp-json\/wp\/v2\/pages\/4750\/revisions"}],"predecessor-version":[{"id":7159,"href":"https:\/\/curaduria2rionegro.com\/home\/wp-json\/wp\/v2\/pages\/4750\/revisions\/7159"}],"wp:attachment":[{"href":"https:\/\/curaduria2rionegro.com\/home\/wp-json\/wp\/v2\/media?parent=4750"}],"curies":[{"name":"wp","href":"https:\/\/api.w.org\/{rel}","templated":true}]}}